{"id":2748,"date":"2024-08-08T21:38:30","date_gmt":"2024-08-08T19:38:30","guid":{"rendered":"https:\/\/t-short.art\/intro\/?page_id=2748"},"modified":"2026-02-15T20:18:48","modified_gmt":"2026-02-15T18:18:48","slug":"im-kino","status":"publish","type":"page","link":"https:\/\/t-short.art\/intro\/index.php\/de\/im-kino\/","title":{"rendered":"Im Kino"},"content":{"rendered":"<div class=\"wpb-content-wrapper\"><p>[vc_row][vc_column width=&#187;1\/6&#8243;][\/vc_column][vc_column width=&#187;2\/3&#8243;][vc_empty_space height=&#187;62px&#187;][vc_column_text]<strong>Liebe Freundinnen und Freunde!<\/strong><\/p>\n<p><strong>Wir freuen uns<\/strong>, Euch am <strong>27.11.2026<\/strong>\u00a0und <strong>28.11.2026<\/strong>\u00a0 zu einer limitierten Ausgabe von Wettbewerbsfilmen des<br \/>\n<strong>T-Short Animationsfilmfestivals in der Kinemathek Karlsruhe<\/strong> begr\u00fc\u00dfen zu d\u00fcrfen.<\/p>\n<p><strong>T-Short <\/strong>pr\u00e4sentiert <strong>in der Kinemathek Karlsruhe<\/strong> an zwei Tagen in zwei Vorstellungen zwei speziell zusammengestellte Programme aus unterschiedlichen Wettbewerbskategorien. In den Vorf\u00fchrungen werden Filme verschiedener Genres und Techniken gezeigt, vom Surrealismus bis zum Erz\u00e4hlfilm, von der Kom\u00f6die bis zur Trag\u00f6die, von der traditionellen Animation bis zum Experimentalfilm.<\/p>\n<p><img loading=\"lazy\" decoding=\"async\" class=\"alignnone wp-image-3355 size-full\" src=\"https:\/\/t-short.art\/intro\/wp-content\/uploads\/2025\/05\/T-Short-2024-Days.png\" alt=\"\" width=\"1890\" height=\"406\" srcset=\"https:\/\/t-short.art\/intro\/wp-content\/uploads\/2025\/05\/T-Short-2024-Days.png 1890w, https:\/\/t-short.art\/intro\/wp-content\/uploads\/2025\/05\/T-Short-2024-Days-300x64.png 300w, https:\/\/t-short.art\/intro\/wp-content\/uploads\/2025\/05\/T-Short-2024-Days-1024x220.png 1024w, https:\/\/t-short.art\/intro\/wp-content\/uploads\/2025\/05\/T-Short-2024-Days-768x165.png 768w, https:\/\/t-short.art\/intro\/wp-content\/uploads\/2025\/05\/T-Short-2024-Days-1536x330.png 1536w\" sizes=\"auto, (max-width: 1890px) 100vw, 1890px\" \/><\/p>\n<pre style=\"text-align: center;\"><strong>27.11.2026 um 18:30 Uhr<\/strong>\n<strong>\u201eShort Friday\u201c<\/strong><\/pre>\n<h4 style=\"text-align: center;\"><strong><img loading=\"lazy\" decoding=\"async\" class=\"aligncenter wp-image-2713\" src=\"https:\/\/t-short.art\/intro\/wp-content\/uploads\/2024\/08\/Filmprogramm-1.png\" alt=\"\" width=\"169\" height=\"23\" \/><\/strong><\/h4>\n<pre style=\"text-align: center;\"><strong>28.11.2026 um 17:00 Uhr \n\u201eShort Saturday\u201c<\/strong><\/pre>\n<h4 style=\"text-align: center;\"><strong><img loading=\"lazy\" decoding=\"async\" class=\"aligncenter wp-image-2713\" src=\"https:\/\/t-short.art\/intro\/wp-content\/uploads\/2024\/08\/Filmprogramm-1.png\" alt=\"\" width=\"169\" height=\"23\" \/><\/strong><\/h4>\n<p style=\"text-align: left;\">Ab dem <strong>30.11.2026<\/strong>\u00a0beginnt das\u00a0<strong>Online-Screening<\/strong>\u00a0aller\u00a0<strong>Wettbewerbsprogramme<\/strong>\u00a0und l\u00e4uft bis zum\u00a0<strong>13.12.2026<\/strong>.<\/p>\n<p style=\"text-align: left;\">Wir w\u00fcnschen Euch <strong>viel Spa\u00df beim Filmschauen!<\/strong><\/p>\n<p><strong>Euer T-Short Team<\/strong><\/p>\n<p><strong>Infos:<\/strong>\u00a0<em>F\u00fcr Musikvideos oder Nicht-Wettbewerbsfilme, die entweder auf Englisch oder mit englischen Untertiteln pr\u00e4sentiert werden gibt es keine deutschen Untertitel. 90% der Filme haben keinen Dialog. Das Wettbewerbsprogramm des Festivals umfasst mit Ausnahme der Musikvideos keine im Internet frei verf\u00fcgbaren Filme.<\/em><em>\u00a0<\/em><\/p>\n<p><strong>Bitte beachten Sie<\/strong>, dass einige Filme Licht- und visuelle Effekte enthalten k\u00f6nnen, die bei empfindlichen Personen oder bei Menschen mit bestimmten Erkrankungen (z. B. Epilepsie) Reaktionen ausl\u00f6sen k\u00f6nnen.<\/p>\n<p><strong>Wichtige Informationen!<\/strong><\/p>\n<p><strong>Eintrittspreise<\/strong><\/p>\n<p><strong>Regul\u00e4r:<\/strong> 10 \u20ac<br \/>\n<strong>Mitglieder:<\/strong> 8 \u20ac<br \/>\n<strong>Studierende:<\/strong> 7 \u20ac<br \/>\n<strong>Karlsruher Pass:<\/strong> 4 \u20ac<br \/>\n<strong>Zweit\u00e4giges Abo:<\/strong> 15 \u20ac<\/p>\n<p><strong>Angebote f\u00fcr Schulklassen &amp; Gruppen<\/strong><\/p>\n<p>Beide Programme k\u00f6nnen als Sondervorstellungen gebucht werden (bitte die jeweilige Altersempfehlung beachten). Eintritt: 5 \u20ac pro Person, bei einer Mindestgruppe von 20 Sch\u00fcler:innen.<br \/>\nBuchung unter: schule@kinemathek-karlsruhe.de[\/vc_column_text][vc_empty_space][\/vc_column][vc_column width=&#187;1\/6&#8243;][\/vc_column][\/vc_row][vc_row][vc_column width=&#187;1\/4&#8243;][\/vc_column][vc_column width=&#187;1\/2&#8243;][vc_column_text]<\/p>\n<h3 style=\"text-align: center;\">Unterst\u00fctzung<\/h3>\n<p>[\/vc_column_text][\/vc_column][vc_column width=&#187;1\/4&#8243;][\/vc_column][\/vc_row][vc_row][vc_column width=&#187;1\/4&#8243;][\/vc_column][vc_column width=&#187;1\/4&#8243;][vc_column_text]&nbsp;<\/p>\n<p><img loading=\"lazy\" decoding=\"async\" class=\"aligncenter wp-image-2547\" src=\"https:\/\/t-short.art\/intro\/wp-content\/uploads\/2024\/07\/512x130_Stadt-Karlsruhe_Kulturamt_Kulturburo-transparent.png\" alt=\"\" width=\"350\" height=\"89\" srcset=\"https:\/\/t-short.art\/intro\/wp-content\/uploads\/2024\/07\/512x130_Stadt-Karlsruhe_Kulturamt_Kulturburo-transparent.png 512w, https:\/\/t-short.art\/intro\/wp-content\/uploads\/2024\/07\/512x130_Stadt-Karlsruhe_Kulturamt_Kulturburo-transparent-300x76.png 300w\" sizes=\"auto, (max-width: 350px) 100vw, 350px\" \/>[\/vc_column_text][\/vc_column][vc_column width=&#187;1\/4&#8243;][vc_column_text]<img loading=\"lazy\" decoding=\"async\" class=\"wp-image-3642 aligncenter\" src=\"https:\/\/t-short.art\/intro\/wp-content\/uploads\/2025\/11\/Kinemathek-Logo-schwarz-190x160-1.png\" alt=\"\" width=\"150\" height=\"126\" \/>[\/vc_column_text][\/vc_column][vc_column width=&#187;1\/4&#8243;][\/vc_column][\/vc_row][vc_row][vc_column][vc_empty_space][\/vc_column][\/vc_row]<\/p>\n<\/div>","protected":false},"excerpt":{"rendered":"<p>[vc_row][vc_column width=&#187;1\/6&#8243;][\/vc_column][vc_column width=&#187;2\/3&#8243;][vc_empty_space height=&#187;62px&#187;][vc_column_text]Liebe Freundinnen und Freunde! Wir freuen uns, Euch am 27.11.2026\u00a0und 28.11.2026\u00a0 zu einer limitierten Ausgabe von Wettbewerbsfilmen des T-Short Animationsfilmfestivals in der Kinemathek Karlsruhe begr\u00fc\u00dfen zu d\u00fcrfen. T-Short pr\u00e4sentiert in der Kinemathek Karlsruhe an zwei Tagen in zwei Vorstellungen zwei speziell zusammengestellte Programme aus unterschiedlichen Wettbewerbskategorien. In den Vorf\u00fchrungen werden Filme verschiedener [&hellip;]<\/p>\n","protected":false},"author":1,"featured_media":0,"parent":0,"menu_order":0,"comment_status":"closed","ping_status":"closed","template":"page.php","meta":{"footnotes":""},"class_list":["post-2748","page","type-page","status-publish","hentry"],"_links":{"self":[{"href":"https:\/\/t-short.art\/intro\/index.php\/wp-json\/wp\/v2\/pages\/2748","targetHints":{"allow":["GET"]}}],"collection":[{"href":"https:\/\/t-short.art\/intro\/index.php\/wp-json\/wp\/v2\/pages"}],"about":[{"href":"https:\/\/t-short.art\/intro\/index.php\/wp-json\/wp\/v2\/types\/page"}],"author":[{"embeddable":true,"href":"https:\/\/t-short.art\/intro\/index.php\/wp-json\/wp\/v2\/users\/1"}],"replies":[{"embeddable":true,"href":"https:\/\/t-short.art\/intro\/index.php\/wp-json\/wp\/v2\/comments?post=2748"}],"version-history":[{"count":39,"href":"https:\/\/t-short.art\/intro\/index.php\/wp-json\/wp\/v2\/pages\/2748\/revisions"}],"predecessor-version":[{"id":3830,"href":"https:\/\/t-short.art\/intro\/index.php\/wp-json\/wp\/v2\/pages\/2748\/revisions\/3830"}],"wp:attachment":[{"href":"https:\/\/t-short.art\/intro\/index.php\/wp-json\/wp\/v2\/media?parent=2748"}],"curies":[{"name":"wp","href":"https:\/\/api.w.org\/{rel}","templated":true}]}}