{"id":2188,"date":"2024-01-29T17:49:51","date_gmt":"2024-01-29T15:49:51","guid":{"rendered":"https:\/\/t-short.art\/intro\/?page_id=2188"},"modified":"2024-01-29T19:40:08","modified_gmt":"2024-01-29T17:40:08","slug":"vita-valdmane-2","status":"publish","type":"page","link":"https:\/\/t-short.art\/intro\/index.php\/de\/vita-valdmane-2\/","title":{"rendered":"Vita Valdmane"},"content":{"rendered":"<div class=\"wpb-content-wrapper\"><p>[vc_row][vc_column width=&#187;1\/4&#8243;][\/vc_column][vc_column width=&#187;1\/2&#8243;][vc_empty_space][vc_column_text]<img loading=\"lazy\" decoding=\"async\" class=\"aligncenter wp-image-2204 size-large\" src=\"https:\/\/t-short.art\/intro\/wp-content\/uploads\/2024\/01\/071-1-768x1024.jpg\" alt=\"\" width=\"768\" height=\"1024\" srcset=\"https:\/\/t-short.art\/intro\/wp-content\/uploads\/2024\/01\/071-1-768x1024.jpg 768w, https:\/\/t-short.art\/intro\/wp-content\/uploads\/2024\/01\/071-1-225x300.jpg 225w, https:\/\/t-short.art\/intro\/wp-content\/uploads\/2024\/01\/071-1-1152x1536.jpg 1152w, https:\/\/t-short.art\/intro\/wp-content\/uploads\/2024\/01\/071-1.jpg 1200w\" sizes=\"auto, (max-width: 768px) 100vw, 768px\" \/><\/p>\n<p>Mein Name ist <strong>Vita Valdmane<\/strong>.<\/p>\n<p>Ich habe mein ganzes Leben der Kunst gewidmet.<\/p>\n<p>Meine Werke wurden und werden auf Ausstellungen und Symposien in vielen europ\u00e4ischen L\u00e4ndern pr\u00e4sentiert.<\/p>\n<p>Ich habe an mehreren Animationsprojekten teilgenommen.<\/p>\n<p>Von 2003 bis 2008 habe ich Preise f\u00fcr das <a href=\"https:\/\/www.bimini.lv\/\" target=\"_blank\" rel=\"noopener\"><strong>BIMINI<\/strong><\/a> International Animated Film Festival in Riga, Lettland, geschaffen.<\/p>\n<p>Von 2021 bis heute gestalte ich Preise f\u00fcr das <strong>T-Short<\/strong> Animationsfilmfestival.<\/p>\n<p><strong>Meine Ausbildung<\/strong><\/p>\n<p>Meisterwerkstatt f\u00fcr Keramik, Kunstakademie Lettlands.<br \/>\nAbteilung f\u00fcr Angewandte Kunst, Kunstakademie Lettlands, Master of Arts.<br \/>\nAbteilung f\u00fcr Keramik, Hochschule f\u00fcr Angewandte Kunst, Riga.<\/p>\n<p><strong>Meine Arbeitserfahrung<\/strong><\/p>\n<p>Organisation und Teilnahme an internationalen Symposien.<br \/>\nTeilnahme an Drehwettbewerben in Lettland, Estland und Finnland.<br \/>\nTeilnahme an mehreren Zeichentrickprojekten.<br \/>\nLehrerin an der Kunstschule Salacgr\u012bva.<\/p>\n<p><strong>Ausstellungsbeteiligungen seit 1991<\/strong><\/p>\n<p>\u2022 20 Einzelausstellungen seit 1996 in Lettland, der Schweiz und Litauen.<br \/>\n\u2022 Ausstellungen und Symposien in Lettland, Estland, Litauen, D\u00e4nemark, Schweden, Norwegen, Deutschland, Kroatien, Spanien, der Schweiz, Russland.[\/vc_column_text][vc_empty_space][vc_single_image image=&#187;2203&#8243; img_size=&#187;full&#187;][vc_empty_space][vc_column_text]<strong>Werke in Museen und Privatsammlungen<\/strong><\/p>\n<p>Museum f\u00fcr dekorative Kunst und Design, Riga, D\u00e4nemark, Deutschland, Spanien, Russland, Japan usw.<\/p>\n<p><strong>Mitgliedschaften in Berufsverb\u00e4nden<\/strong><\/p>\n<p>Mitglied der K\u00fcnstlervereinigung Lettlands.[\/vc_column_text][vc_empty_space height=&#187;15px&#187;][vc_custom_heading text=&#187;Beispiele f\u00fcr einige meiner Werke:&#187; font_container=&#187;tag:h3|font_size:18|text_align:center&#187; use_theme_fonts=&#187;yes&#187; el_class=&#187;no-letter-spacing&#187;][vc_empty_space height=&#187;15px&#187;]<div id=\"ult-carousel-224085775069e20c1bca113\" class=\"ult-carousel-wrapper   ult_horizontal\" data-gutter=\"15\" data-rtl=\"false\" ><div class=\"ult-carousel-258262839369e20c1bc9ff4 \" >[vc_single_image image=&#187;2209&#8243; img_size=&#187;full&#187;][vc_single_image image=&#187;2208&#8243; img_size=&#187;full&#187;][vc_single_image image=&#187;2207&#8243; img_size=&#187;full&#187;][vc_single_image image=&#187;2206&#8243; img_size=&#187;full&#187;][vc_single_image image=&#187;2205&#8243; img_size=&#187;full&#187;][vc_single_image image=&#187;2202&#8243; img_size=&#187;full&#187;][vc_single_image image=&#187;2201&#8243; img_size=&#187;full&#187;][vc_single_image image=&#187;2200&#8243; img_size=&#187;full&#187;][vc_single_image image=&#187;2199&#8243; img_size=&#187;full&#187;][vc_single_image image=&#187;2198&#8243; img_size=&#187;full&#187;][vc_single_image image=&#187;2197&#8243; img_size=&#187;full&#187;][vc_single_image image=&#187;2196&#8243; img_size=&#187;full&#187;][vc_single_image image=&#187;2195&#8243; img_size=&#187;full&#187;][vc_single_image image=&#187;2194&#8243; img_size=&#187;full&#187;][vc_single_image image=&#187;2193&#8243; img_size=&#187;full&#187;][vc_single_image image=&#187;2192&#8243; img_size=&#187;full&#187;][vc_single_image image=&#187;2191&#8243; img_size=&#187;full&#187;]<\/div><\/div>\t\t\t<script type=\"text\/javascript\">\n\t\t\t\tjQuery(document).ready(function ($) {\n\t\t\t\t\tif( typeof jQuery('.ult-carousel-258262839369e20c1bc9ff4').slick == \"function\"){\n\t\t\t\t\t\t$('.ult-carousel-258262839369e20c1bc9ff4').slick({dots: false,autoplay: true,autoplaySpeed: \"2500\",speed: \"300\",infinite: true,arrows: false,slidesToScroll:2,slidesToShow:2,swipe: true,draggable: true,touchMove: true,pauseOnHover: true,pauseOnFocus: false,responsive: [\n\t\t\t\t\t\t\t{\n\t\t\t\t\t\t\t  breakpoint: 1026,\n\t\t\t\t\t\t\t  settings: {\n\t\t\t\t\t\t\t\tslidesToShow: 2,\n\t\t\t\t\t\t\t\tslidesToScroll: 2,  \n\t\t\t\t\t\t\t  }\n\t\t\t\t\t\t\t},\n\t\t\t\t\t\t\t{\n\t\t\t\t\t\t\t  breakpoint: 1025,\n\t\t\t\t\t\t\t  settings: {\n\t\t\t\t\t\t\t\tslidesToShow: 2,\n\t\t\t\t\t\t\t\tslidesToScroll: 2\n\t\t\t\t\t\t\t  }\n\t\t\t\t\t\t\t},\n\t\t\t\t\t\t\t{\n\t\t\t\t\t\t\t  breakpoint: 760,\n\t\t\t\t\t\t\t  settings: {\n\t\t\t\t\t\t\t\tslidesToShow: 1,\n\t\t\t\t\t\t\t\tslidesToScroll: 1\n\t\t\t\t\t\t\t  }\n\t\t\t\t\t\t\t}\n\t\t\t\t\t\t],pauseOnDotsHover: true,customPaging: function(slider, i) {\n                   return '<i type=\"button\" style= \"color:#333333;\" class=\"ultsl-record\" data-role=\"none\"><\/i>';\n                },});\n\t\t\t\t\t}\n\t\t\t\t});\n\t\t\t<\/script>\n\t\t\t[vc_empty_space height=&#187;15px&#187;][\/vc_column][vc_column width=&#187;1\/4&#8243;][\/vc_column][\/vc_row]<\/p>\n<\/div>","protected":false},"excerpt":{"rendered":"<p>[vc_row][vc_column width=&#187;1\/4&#8243;][\/vc_column][vc_column width=&#187;1\/2&#8243;][vc_empty_space][vc_column_text] Mein Name ist Vita Valdmane. Ich habe mein ganzes Leben der Kunst gewidmet. Meine Werke wurden und werden auf Ausstellungen und Symposien in vielen europ\u00e4ischen L\u00e4ndern pr\u00e4sentiert. Ich habe an mehreren Animationsprojekten teilgenommen. Von 2003 bis 2008 habe ich Preise f\u00fcr das BIMINI International Animated Film Festival in Riga, Lettland, geschaffen. Von [&hellip;]<\/p>\n","protected":false},"author":1,"featured_media":0,"parent":0,"menu_order":0,"comment_status":"closed","ping_status":"closed","template":"page.php","meta":{"footnotes":""},"class_list":["post-2188","page","type-page","status-publish","hentry"],"_links":{"self":[{"href":"https:\/\/t-short.art\/intro\/index.php\/wp-json\/wp\/v2\/pages\/2188","targetHints":{"allow":["GET"]}}],"collection":[{"href":"https:\/\/t-short.art\/intro\/index.php\/wp-json\/wp\/v2\/pages"}],"about":[{"href":"https:\/\/t-short.art\/intro\/index.php\/wp-json\/wp\/v2\/types\/page"}],"author":[{"embeddable":true,"href":"https:\/\/t-short.art\/intro\/index.php\/wp-json\/wp\/v2\/users\/1"}],"replies":[{"embeddable":true,"href":"https:\/\/t-short.art\/intro\/index.php\/wp-json\/wp\/v2\/comments?post=2188"}],"version-history":[{"count":24,"href":"https:\/\/t-short.art\/intro\/index.php\/wp-json\/wp\/v2\/pages\/2188\/revisions"}],"predecessor-version":[{"id":2239,"href":"https:\/\/t-short.art\/intro\/index.php\/wp-json\/wp\/v2\/pages\/2188\/revisions\/2239"}],"wp:attachment":[{"href":"https:\/\/t-short.art\/intro\/index.php\/wp-json\/wp\/v2\/media?parent=2188"}],"curies":[{"name":"wp","href":"https:\/\/api.w.org\/{rel}","templated":true}]}}